{"id":464,"date":"2019-08-20T17:33:02","date_gmt":"2019-08-20T17:33:02","guid":{"rendered":"https:\/\/burovaldes.com\/consultoria-de-negocios\/servicios-copy\/"},"modified":"2025-09-21T16:56:36","modified_gmt":"2025-09-21T16:56:36","slug":"inteligencia-de-negocios","status":"publish","type":"page","link":"https:\/\/burovaldes.com\/consultoria-de-negocios\/inteligencia-de-negocios\/","title":{"rendered":"Inteligencia de Negocios"},"content":{"rendered":"<p>[vc_row css_animation=&#8221;&#8221; row_type=&#8221;row&#8221; use_row_as_full_screen_section=&#8221;no&#8221; type=&#8221;grid&#8221; angled_section=&#8221;no&#8221; text_align=&#8221;left&#8221; background_image_as_pattern=&#8221;without_pattern&#8221; css=&#8221;.vc_custom_1566322549220{padding-top: 80px !important;padding-bottom: 80px !important;}&#8221; z_index=&#8221;&#8221;][vc_column][vc_column_text]<\/p>\n<div class=\"wpb_text_column wpb_content_element \">\n<div class=\"wpb_wrapper\">\n<h2 style=\"text-align: center;\">\u00bfEn qu\u00e9 consiste?<\/h2>\n<\/div>\n<\/div>\n<p>[\/vc_column_text][\/vc_column][vc_column width=&#8221;1\/3&#8243;]<div class='q_icon_with_title medium normal_icon center '><div class=\"icon_holder \" style=\" \"><span data-icon-type=\"normal\"   style=\"\" class=\"qode_iwt_icon_holder q_font_awsome_icon fa-3x  \"><span aria-hidden=\"true\" class=\"qode_icon_font_elegant icon_datareport_alt qode_iwt_icon_element\" style=\"\" ><\/span><\/span><\/div><div class=\"icon_text_holder\" style=\"\"><div class=\"icon_text_inner\" style=\"\"><h5 class=\"icon_title\" style=\"\">Convierta los datos en informes para tomar mejores decisiones<\/h5><p style=''><\/p><\/div><\/div><\/div>[vc_column_text]<\/p>\n<p style=\"text-align: justify;\">El uso inteligente de la informaci\u00f3n es un punto clave en la transformaci\u00f3n digital, sucede en empresas, grandes o peque\u00f1as, que operan con \u00e9xito en el \u00e1mbito de una econom\u00eda que tiene un reflejo total y permanente en el plano digital e incluso va m\u00e1s all\u00e1.<\/p>\n<p>[\/vc_column_text][\/vc_column][vc_column width=&#8221;1\/3&#8243;]<div class='q_icon_with_title medium normal_icon center '><div class=\"icon_holder \" style=\" \"><span data-icon-type=\"normal\"   style=\"\" class=\"qode_iwt_icon_holder q_font_awsome_icon fa-3x  \"><i class=\"qode_icon_font_awesome fa fa-shopping-cart qode_iwt_icon_element\" style=\"\" ><\/i><\/span><\/div><div class=\"icon_text_holder\" style=\"\"><div class=\"icon_text_inner\" style=\"\"><h5 class=\"icon_title\" style=\"\">Identifique las conductas y preferencias de los consumidores<\/h5><p style=''><\/p><\/div><\/div><\/div>[vc_column_text]<\/p>\n<p style=\"text-align: justify;\">Las actividades internas y externas del individuo orientadas en la adquisici\u00f3n y uso de bienes y\/o servicios. Incluyendo los procesos de decisi\u00f3n, satisfacci\u00f3n, decisi\u00f3n de compra y evaluaci\u00f3n, estas acciones servir\u00e1n para satisfacer sus necesidades.<\/p>\n<p>[\/vc_column_text][\/vc_column][vc_column width=&#8221;1\/3&#8243;]<div class='q_icon_with_title medium normal_icon center '><div class=\"icon_holder \" style=\" \"><span data-icon-type=\"normal\"   style=\"\" class=\"qode_iwt_icon_holder q_font_awsome_icon fa-3x  \"><i class=\"qodef-icon-linea-icon icon-ecommerce-graph-increase qode_iwt_icon_element\" style=\"\" ><\/i><\/span><\/div><div class=\"icon_text_holder\" style=\"\"><div class=\"icon_text_inner\" style=\"\"><h5 class=\"icon_title\" style=\"\">Desarrolle modelos de pron\u00f3stico de demanda<\/h5><p style=''><\/p><\/div><\/div><\/div>[vc_column_text]<\/p>\n<p style=\"text-align: justify;\">Las ventas de un producto se eval\u00faan durante un determinado periodo calculando la demanda en toda la industria, o mercado, para luego predecir las ventas de los productos de la compa\u00f1\u00eda en ellos.<\/p>\n<p>[\/vc_column_text][\/vc_column][\/vc_row][vc_row css_animation=&#8221;&#8221; row_type=&#8221;row&#8221; use_row_as_full_screen_section=&#8221;no&#8221; type=&#8221;grid&#8221; angled_section=&#8221;no&#8221; text_align=&#8221;left&#8221; background_image_as_pattern=&#8221;without_pattern&#8221; z_index=&#8221;&#8221;][vc_column width=&#8221;1\/3&#8243;]<div class='q_icon_with_title medium normal_icon center '><div class=\"icon_holder \" style=\" \"><span data-icon-type=\"normal\"   style=\"\" class=\"qode_iwt_icon_holder q_font_awsome_icon fa-3x  \"><i class=\"qodef-icon-linea-icon icon-ecommerce-receipt-dollar qode_iwt_icon_element\" style=\"\" ><\/i><\/span><\/div><div class=\"icon_text_holder\" style=\"\"><div class=\"icon_text_inner\" style=\"\"><h5 class=\"icon_title\" style=\"\">Detecte nuevas oportunidades de negocio<\/h5><p style=''><\/p><\/div><\/div><\/div>[vc_column_text]<\/p>\n<p style=\"text-align: justify;\">Estar atento a lo que sucede a nuestro alrededor nos ayuda a identificar las necesidades que existen en el mercado para confirmar si una idea de negocio es un potencial mercado de consumidores para dicho producto o servicio.<\/p>\n<p>[\/vc_column_text][\/vc_column][vc_column width=&#8221;1\/3&#8243;]<div class='q_icon_with_title medium normal_icon center '><div class=\"icon_holder \" style=\" \"><span data-icon-type=\"normal\"   style=\"\" class=\"qode_iwt_icon_holder q_font_awsome_icon fa-3x  \"><i class=\"qodef-icon-dripicons dripicon dripicons-battery-low qode_iwt_icon_element\" style=\"\" ><\/i><\/span><\/div><div class=\"icon_text_holder\" style=\"\"><div class=\"icon_text_inner\" style=\"\"><h5 class=\"icon_title\" style=\"\">Identifique puntos d\u00e9biles e implemente las acciones correctivas<\/h5><p style=''><\/p><\/div><\/div><\/div>[vc_column_text]<\/p>\n<p style=\"text-align: justify;\">Al existir disconformidad dentro de una empresa se debe actuar en consecuencia, tomando medidas para controlar, corregir y hacer frente a los efectos que trae el incumplimiento de las condiciones estipuladas para asegurar las dificultades causadas.<\/p>\n<p>[\/vc_column_text][\/vc_column][vc_column width=&#8221;1\/3&#8243;]<div class='q_icon_with_title medium normal_icon center '><div class=\"icon_holder \" style=\" \"><span data-icon-type=\"normal\"   style=\"\" class=\"qode_iwt_icon_holder q_font_awsome_icon fa-3x  \"><span aria-hidden=\"true\" class=\"qode_icon_font_elegant icon_documents_alt qode_iwt_icon_element\" style=\"\" ><\/span><\/span><\/div><div class=\"icon_text_holder\" style=\"\"><div class=\"icon_text_inner\" style=\"\"><h5 class=\"icon_title\" style=\"\">Elabore Paneles de Control para su negocio<\/h5><p style=''><\/p><\/div><\/div><\/div>[vc_column_text]<\/p>\n<p style=\"text-align: justify;\">El \u00faltimo objetivo de un negocio puede desglosarse entre varios fines concretos y acotados. Las actividades sujetas a control se adhiere bajo un mismo concepto a todas aquellas actividades de medici\u00f3n formando un panel de control.<\/p>\n<p>[\/vc_column_text][\/vc_column][\/vc_row][vc_row css_animation=&#8221;&#8221; row_type=&#8221;row&#8221; use_row_as_full_screen_section=&#8221;no&#8221; type=&#8221;full_width&#8221; angled_section=&#8221;no&#8221; text_align=&#8221;left&#8221; background_image_as_pattern=&#8221;without_pattern&#8221; css=&#8221;.vc_custom_1473947892486{padding-top: 74px !important;}&#8221;][vc_column][qode_elements_holder number_of_columns=&#8221;two_columns&#8221; switch_to_one_column=&#8221;1000&#8243;][qode_elements_holder_item item_padding=&#8221;0 12.5% 0 0&#8243; vertical_alignment=&#8221;middle&#8221; advanced_animations=&#8221;no&#8221; item_padding_768_1024=&#8221;0 0 7% 0&#8243; item_padding_600_768=&#8221;0 10% 7%&#8221; item_padding_480_600=&#8221;0 10% 10%&#8221; item_padding_480=&#8221;0 10% 12%&#8221;]<div class=\"qode-cards-gallery-holder right\" data-side=right>\n    <div class=\"qode-cards-gallery\">\n                    <div class=\"card\" >\n                                    <img decoding=\"async\" src=\"#\" alt=\"\" class=\"qode-lazy-image\" data-image=\"https:\/\/burovaldes.com\/consultoria-de-negocios\/wp-content\/uploads\/2019\/09\/analytics_research_numbers-graphs_charts_by-chombosan-getty-100806365-large.jpg\" style=\"width:1200px;height:1px\" data-ratio=\"0.66666666666667\" data-lazy=\"true\" \/>\n                            <\/div>\n            <\/div>\n    <div class=\"fake_card\">\n        <img decoding=\"async\" src=\"https:\/\/burovaldes.com\/consultoria-de-negocios\/wp-content\/uploads\/2019\/09\/analytics_research_numbers-graphs_charts_by-chombosan-getty-100806365-large.jpg\" alt=\"\">\n    <\/div>\n<\/div>[\/qode_elements_holder_item][qode_elements_holder_item item_padding=&#8221;0 33% 0 0&#8243; vertical_alignment=&#8221;middle&#8221; advanced_animations=&#8221;no&#8221; item_padding_1280_1440=&#8221;0 10% 0 0&#8243; item_padding_1024_1280=&#8221;0 0 0 0&#8243; item_padding_768_1024=&#8221;0 10%&#8221; item_padding_600_768=&#8221;0 10%&#8221; item_padding_480_600=&#8221;0 10%&#8221; item_padding_480=&#8221;0 10%&#8221;][vc_column_text]<\/p>\n<h3>Beneficios de la Inteligencia de Negocios.<\/h3>\n<p>[\/vc_column_text][vc_empty_space height=&#8221;27px&#8221;][vc_column_text]<\/p>\n<h4><span style=\"color: #000080;\"><strong>Implementar tecnolog\u00edas que permitan realizar Inteligencia de Negocios, permite:<\/strong><\/span><\/h4>\n<p>[\/vc_column_text][vc_empty_space height=&#8221;33px&#8221;]<div class=\"q_icon_list\"><span aria-hidden=\"true\" class=\"qode_icon_font_elegant icon_profile qode-ili-icon-holder circle\" style=\"font-size: 20px;color: #023368;background-color: #ffe522;\" ><\/span><p style=\"color:#023368;font-size: 18px;font-weight: 700;margin-bottom: 24px;\">Detectar patrones de comportamiento de los Clientes.<\/p><\/div><div class=\"q_icon_list\"><i class=\"qode_icon_font_awesome fa fa-clock-o qode-ili-icon-holder circle\" style=\"font-size: 20px;color: #023368;background-color: #ffe522;\" ><\/i><p style=\"color:#023368;font-size: 18px;font-weight: 700;margin-bottom: 24px;\">Acelera los tiempos de an\u00e1lisis, perfeccionando la toma de decisiones.<\/p><\/div><div class=\"q_icon_list\"><i class=\"qode_icon_font_awesome fa fa-signal qode-ili-icon-holder circle\" style=\"font-size: 20px;color: #023368;background-color: #ffe522;\" ><\/i><p style=\"color:#023368;font-size: 18px;font-weight: 700;margin-bottom: 24px;\">Mejora el proceso de fijaci\u00f3n de Objetivos.<\/p><\/div><div class=\"q_icon_list\"><i class=\"qodef-icon-linea-icon icon-ecommerce-money qode-ili-icon-holder circle\" style=\"font-size: 22px;color: #023368;background-color: #ffe522;\" ><\/i><p style=\"color:#023368;font-size: 18px;font-weight: 700;margin-bottom: 24px;\">Refuerza las ventas y mejora el control de costos.<\/p><\/div>[\/qode_elements_holder_item][\/qode_elements_holder][\/vc_column][\/vc_row]<\/p>\n","protected":false},"excerpt":{"rendered":"<p>[vc_row css_animation=&#8221;&#8221; row_type=&#8221;row&#8221; use_row_as_full_screen_section=&#8221;no&#8221; type=&#8221;grid&#8221; angled_section=&#8221;no&#8221; text_align=&#8221;left&#8221; background_image_as_pattern=&#8221;without_pattern&#8221; css=&#8221;.vc_custom_1566322549220{padding-top: 80px !important;padding-bottom: 80px !important;}&#8221; z_index=&#8221;&#8221;][vc_column][vc_column_text] \u00bfEn qu\u00e9 consiste? [\/vc_column_text][\/vc_column][vc_column width=&#8221;1\/3&#8243;][vc_column_text] El&#8230;<\/p>\n","protected":false},"author":3,"featured_media":0,"parent":0,"menu_order":0,"comment_status":"closed","ping_status":"closed","template":"","meta":{"footnotes":""},"yst_prominent_words":[193,166,163,167,165,154,272,63,162,94,265,391,273,274,156,93,276,277,161,275],"class_list":["post-464","page","type-page","status-publish","hentry"],"_links":{"self":[{"href":"https:\/\/burovaldes.com\/consultoria-de-negocios\/wp-json\/wp\/v2\/pages\/464","targetHints":{"allow":["GET"]}}],"collection":[{"href":"https:\/\/burovaldes.com\/consultoria-de-negocios\/wp-json\/wp\/v2\/pages"}],"about":[{"href":"https:\/\/burovaldes.com\/consultoria-de-negocios\/wp-json\/wp\/v2\/types\/page"}],"author":[{"embeddable":true,"href":"https:\/\/burovaldes.com\/consultoria-de-negocios\/wp-json\/wp\/v2\/users\/3"}],"replies":[{"embeddable":true,"href":"https:\/\/burovaldes.com\/consultoria-de-negocios\/wp-json\/wp\/v2\/comments?post=464"}],"version-history":[{"count":92,"href":"https:\/\/burovaldes.com\/consultoria-de-negocios\/wp-json\/wp\/v2\/pages\/464\/revisions"}],"predecessor-version":[{"id":3989,"href":"https:\/\/burovaldes.com\/consultoria-de-negocios\/wp-json\/wp\/v2\/pages\/464\/revisions\/3989"}],"wp:attachment":[{"href":"https:\/\/burovaldes.com\/consultoria-de-negocios\/wp-json\/wp\/v2\/media?parent=464"}],"wp:term":[{"taxonomy":"yst_prominent_words","embeddable":true,"href":"https:\/\/burovaldes.com\/consultoria-de-negocios\/wp-json\/wp\/v2\/yst_prominent_words?post=464"}],"curies":[{"name":"wp","href":"https:\/\/api.w.org\/{rel}","templated":true}]}}